) = -5*x**3 - 1055*x**2 - 28663*x - 4116. What is q(-179)?
1
Let i(d) = -d**2 + 46*d - 37. Give i(22).
491
Let t(y) = -y**2 + 169*y - 1995. Determine t(158).
-257
Let j(k) = 6*k**2 + 160*k - 2117. Determine j(-17).
-3103
Let i(n) = -2*n**3 - 135*n**2 - 2090*n + 712. What is i(-43)?
-19
Let w(b) = -13*b**2 - 4663*b + 379176. What is w(-427)?
0
Let s(t) = -t**3 + 92*t**2 - 206*t + 2243. Give s(90).
-97
Let l(a) = -446607*a + 4019466. Give l(9).
3
Let k(j) = -622*j + 56801. Determine k(93).
-1045
Let k(q) = 15*q**2 + 1699*q + 19896. Calculate k(-100).
-4
Let s(t) = -t**2 + 267*t - 16141. Give s(178).
-299
Let l(v) = 17*v**3 - 186*v**2 + 5*v - 51. Calculate l(11).
125
Let a(j) = -j**3 - 38*j**2 - 255*j + 281. Give a(-29).
107
Let g(n) = n**3 + 8*n**2 + 3674*n + 48535. Calculate g(-13).
-72
Let c(k) = 2*k**2 - 175*k + 6372. What is c(39)?
2589
Let x(y) = -584*y - 82. Give x(0).
-82
Let b(i) = -i**3 + 401*i**2 - 5788*i - 793. Give b(386).
-21
Let b(r) = 6*r**2 - 5*r - 209. Give b(11).
462
Let n(k) = 3*k**3 - 26*k**2 - 89*k + 571. Give n(10).
81
Let g(s) = -s**3 - 108*s**2 + 720*s - 764. Determine g(5).
11
Let r(v) = 19*v**2 - 452*v + 3507. Calculate r(10).
887
Let p(d) = -d**3 - 107*d**2 - 2812*d - 1287. Give p(-45).
-297
Let i(s) = -6*s**2 - 2*s + 1636. Give i(17).
-132
Let u(o) = 47585*o + 2236476. Give u(-47).
-19
Let r(o) = -68*o + 3622. Give r(57).
-254
Let u(y) = 991*y**2 - 4424*y + 12. Give u(5).
2667
Let j(w) = w**3 - 543*w**2 - 2702*w - 325009. Calculate j(549).
-1
Let v(o) = 44*o**3 + 252*o**2 - 83*o - 55. Determine v(-6).
11
Let o(s) = -3*s**2 - 692*s - 30209. Determine o(-172).
63
Let t(w) = w**3 + 17*w**2 - 122*w - 1584. What is t(-10)?
336
Let c(u) = 622*u**2 - 7451*u - 111. Give c(12).
45
Let l(r) = -47*r**2 - 604*r + 45. Calculate l(-13).
-46
Let t(q) = 10023*q - 7126399. Calculate t(711).
-46
Let c(f) = f**3 + 35*f**2 + 140*f - 639. What is c(-8)?
-31
Let u(g) = -7332*g + 80744. What is u(11)?
92
Let s(j) = 289*j**2 + 2817*j - 704. Give s(-10).
26
Let l(u) = u**3 - 14*u**2 - 46*u + 686. Determine l(12).
-154
Let n(c) = 7218*c - 215433. Determine n(30).
1107
Let w(h) = 754*h - 33540. Calculate w(44).
-364
Let i(g) = -671*g - 319005. Give i(-476).
391
Let u(p) = 27*p - 559. Determine u(-19).
-1072
Let z(i) = -4588*i - 2110484. Give z(-460).
-4
Let k(s) = -5*s**2 - 1610*s + 13230. Give k(-330).
30
Let r(p) = 2*p**2 + 49*p - 1165. What is r(16)?
131
Let j(w) = 2580*w + 88463. Determine j(-34).
743
Let d(a) = 174*a - 4117. What is d(27)?
581
Let m(b) = -19*b**2 + 102968*b - 205864. Calculate m(2).
-4
Let n(l) = -6310*l**2 + 31564*l - 69. Calculate n(5).
1
Let y(c) = 87*c**2 - 959*c - 628. Calculate y(12).
392
Let n(p) = -p**3 + 15*p**2 + 55*p - 668. Determine n(16).
-44
Let g(a) = 157031*a - 157083. Give g(1).
-52
Let i(z) = 13146*z + 276078. What is i(-21)?
12
Let z(b) = 4*b**3 - 250*b**2 + 111*b + 60. What is z(62)?
-746
Let z(q) = -q**3 + 47*q**2 - 194*q - 329. Calculate z(41).
1803
Let w(x) = 39191*x - 1097340. Determine w(28).
8
Let b(y) = -484*y + 3087. What is b(7)?
-301
Let g(q) = -6*q**3 + 43*q**2 + 2426*q - 36. Calculate g(24).
12
Let k(w) = 2324*w - 546141. What is k(235)?
-1
Let s(x) = -49*x**2 - 317*x + 1523. Calculate s(5).
-1287
Let i(h) = -329*h - 10539. Give i(-32).
-11
Let p(a) = a**3 - 17*a**2 - 13*a - 108. What is p(18)?
-18
Let r(m) = 51*m**2 + 594*m - 31. Determine r(-11).
-394
Let w(v) = 50*v - 548. What is w(29)?
902
Let l(t) = -267*t + 7088. Calculate l(27).
-121
Let u(p) = -8*p**3 + 79*p**2 + 17*p - 83. What is u(9)?
637
Let q(h) = -10*h**2 + 261*h + 1179. Give q(30).
9
Let j(v) = -v**3 + 27*v**2 - 115*v + 14. Calculate j(10).
564
Let n(s) = s**2 - 156*s - 1435. Calculate n(0).
-1435
Let a(n) = -495*n**3 - 11386*n**2 - 26*n - 45. Give a(-23).
24
Let r(z) = 64612*z - 4329070. Give r(67).
-66
Let s(w) = -27*w**2 + 355*w - 214. Determine s(13).
-162
Let h(c) = -5*c**3 + 51*c**2 + 1219*c - 12309. Give h(10).
-19
Let r(v) = -5723*v + 3044648. Calculate r(532).
12
Let v(s) = -16*s**3 - 205*s**2 + 12*s - 16. Calculate v(-13).
335
Let v(q) = 5*q**3 + 661*q**2 + 152*q + 4196. Give v(-132).
1556
Let f(l) = 2*l**2 + 618*l + 23323. What is f(-44)?
3
Let s(g) = g**3 + 26*g**2 + 2*g - 117. Calculate s(-25).
458
Let j(q) = 3*q**2 + 370*q + 1326. What is j(-117)?
-897
Let b(r) = 98*r**2 + 346*r + 230. Determine b(-3).
74
Let y(c) = -c**3 - 17*c**2 - 210*c - 907. Give y(-6).
-43
Let x(r) = 3*r**3 + 23*r**2 + 14*r + 18. Determine x(-4).
138
Let s(h) = 794*h - 6044. What is s(8)?
308
Let g(q) = -6134*q - 73764. Determine g(-12).
-156
Let z(t) = -2*t**2 - 329112*t - 4607173. Calculate z(-14).
3
Let t(g) = 5*g**3 - 30*g**2 - 58*g + 248. Calculate t(5).
-167
Let h(s) = -1474*s - 207831. Give h(-141).
3
Let g(l) = 3*l**3 - 87*l**2 - 6137*l - 11. Calculate g(-33).
-44
Let f(j) = 3*j**2 + 409*j - 13585. Determine f(-164).
27
Let y(m) = -750*m + 10519. Give y(14).
19
Let m(x) = x**3 + 299*x**2 + 2040*x - 1860. Calculate m(-292).
-692
Let b(u) = 18*u**2 - 591*u + 1606. What is b(33)?
1705
Let c(f) = -11*f**2 + 363*f + 27360. Determine c(-36).
36
Let j(c) = 2*c**3 - 115*c**2 + 687*c - 22632. Calculate j(55).
28
Let j(w) = w**3 - 436*w**2 - 328*w - 47623. Calculate j(437).
10
Let u(o) = 32*o**2 - 431*o + 1213. Give u(4).
1
Let w(i) = 23*i**3 - 1030*i**2 - 3076*i + 5. Give w(-3).
-658
Let q(u) = -14226*u + 99562. Give q(7).
-20
Let h(s) = 2*s**2 + 124*s + 1589. What is h(-45)?
59
Let y(f) = f**3 + 24*f**2 + 49*f - 115. Give y(-21).
179
Let d(a) = 4*a**3 + 99*a**2 - 229*a + 8. Calculate d(-27).
-370
Let f(a) = a**2 - 3321*a + 16575. Give f(5).
-5
Let s(t) = -6923*t + 207779. Calculate s(30).
89
Let q(v) = -10322*v + 10334. Give q(1).
12
Let d(k) = 2*k**2 + 97*k + 81. Give d(-1).
-14
Let q(h) = -128138*h - 1152868. Calculate q(-9).
374
Let r(q) = q**3 - 247*q**2 + 3055*q - 675. Give r(234).
2367
Let h(d) = -147*d + 1608. Calculate h(19).
-1185
Let u(t) = -105*t**2 - 10109*t - 2790. Calculate u(-96).
-6
Let w(l) = 1542218*l - 4626645. What is w(3)?
9
Let p(q) = q**3 - 300*q**2 - 12127*q + 10419. Calculate p(336).
3
Let c(o) = -408334*o - 2858307. Calculate c(-7).
31
Let w(b) = b**2 - 728*b - 27721. Give w(-36).
-217
Let z(t) = -2*t**2 - 179*t - 1989. Calculate z(-10).
-399
Let l(s) = -s**3 + 577*s**2 + 27938*s + 32311. Calculate l(622).
-33
Let i(q) = 2846*q - 1718. What is i(2)?
3974
Let a(c) = -154*c**2 - 3859*c - 19311. Determine a(-5).
-3866
Let u(i) = -10718*i + 1028882. Determine u(96).
-46
Let w(o) = -o**3 + 15572*o**2 - 202257*o - 20. Calculate w(13).
110
Let x(w) = -2206995*w - 4413992. Calculate x(-2).
-2
Let r(t) = t**3 - 38*t**2 + 367*t - 1895. Calculate r(27).
-5
Let h(j) = -13*j**2 + 447*j + 5203. Calculate h(-12).
-2033
Let q(k) = -5*k**3 + 193*k**2 + 1455*k - 57. Determine q(-7).
930
Let t(f) = 111970*f - 1007745. Determine t(9).
-15
Let l(n) = 4171*n + 33340. Determine l(-8).
-28
Let k(q) = 75*q**2 + 35*q - 33. Calculate k(-1).
7
Let a(x) = 2*x**3 - 3*x**2 - 24*x - 9. Determine a(7).
362
Let s(t) = -6*t**3 - 36*t**2 + 736*t + 4394. What is s(-6)?
-22
Let f(r) = r**3 - 72*r**2 + 193*r + 816. Give f(69).
-150
Let k(z) = 22991*z**2 - 114981*z + 14. Determine k(5).
-116
Let x(c) = -c**2 + 2845*c - 779155. Calculate x(307).
11
Let u(x) = 116*x + 5161. Calculate u(-45).
-59
Let p(g) = 7*g**3 - 8*g**2 - 68*g + 251. Calculate p(3).
164
Let a(t) = t**3 + 336*t**2 + 948*t + 318530. What is a(-336)?
2
Let s(b) = b**3 - 8*b**2 + 462*b - 3207. Give s(7).
-22
Let v(w) = -w**2 + 276*w + 470. Give v(0).
470
Let g(x) = -6*x**3 - 35*x**2 - 98*x - 23. Give g(-2).
81
Let k(p) = p**2 + 41*p - 793. Determine k(-60).
347
Let z(k) = 19320*k + 154553. Calculate z(-8).
-7
Let f(n) = -4*n**3 - 80*n**2 + 1510*n + 30191. What is f(-20)?
-9
Let m(w) = -3*w**3 + 295*w**2 - 714*w + 3652. What is m(96)?
-380
Let m(p) = 11290*p + 180634. Calculate m(-16).
-6
Let i(r) = 298*r**2 + 14*r + 4. Give i(-2).
1168
Let n(k) = -18*k**2 + 295*k - 5. Determine n(19).
-898
Let z(i) = i**3 - 464*i**2 - 8679*i - 50. What is z(-18)?
4
Let z(g) = 8*g**2 - 907*g + 5268. Give z(109).
1453
Let q(v) = -2713*v + 57201. Determine q(21).
228
Let d(r) = 2*r**3 - r**2 - 914*r - 12. Determine d(0).
-12
Let h(s) = -5013895*s + 30083376. What is h(6)?
6
Let x(v) = v**3 - 150*v**2 + 26